prime factors of 710392?
2, 88799
List the prime factors of 185647.
7, 11, 2411
What are the prime factors of 14896936?
2, 71, 26227
List the prime factors of 877441.
41, 21401
List the prime factors of 3459832.
2, 432479
What are the prime factors of 94643?
31, 43, 71
What are the prime factors of 2798069?
2798069
What are the prime factors of 591612?
2, 3, 7, 7043
What are the prime factors of 10020276?
2, 3, 7, 17, 2339
List the prime factors of 1302499.
11, 118409
What are the prime factors of 7609833?
3, 7, 11, 79, 139
List the prime factors of 23709242.
2, 227, 52223
What are the prime factors of 533489?
11, 4409
List the prime factors of 146727.
3, 7, 17, 137
List the prime factors of 15012198.
2, 3, 29, 28759
List the prime factors of 1174254.
2, 3, 195709
What are the prime factors of 2910230?
2, 5, 17, 19, 53
What are the prime factors of 13462988?
2, 7, 11, 43711
What are the prime factors of 203993?
137, 1489
What are the prime factors of 17107124?
2, 23, 185947
What are the prime factors of 8276104?
2, 1034513
List the prime factors of 7328581.
13, 17, 33161
List the prime factors of 6011527.
1193, 5039
What are the prime factors of 3497416?
2, 13, 33629
What are the prime factors of 3658268?
2, 43, 21269
List the prime factors of 401158.
2, 200579
List the prime factors of 11192845.
5, 2238569
What are the prime factors of 3508847?
281, 12487
List the prime factors of 324913.
59, 5507
List the prime factors of 11088904.
2, 29, 47797
List the prime factors of 1582664.
2, 181, 1093
List the prime factors of 505936.
2, 103, 307
List the prime factors of 26059721.
103, 113, 2239
What are the prime factors of 483331?
37, 13063
What are the prime factors of 1924186?
2, 11, 149, 587
List the prime factors of 5004690.
2, 3, 5, 166823
List the prime factors of 4446016.
2, 127, 547
What are the prime factors of 2756519?
2756519
List the prime factors of 133281.
3, 59, 251
What are the prime factors of 499340?
2, 5, 24967
What are the prime factors of 4036711?
7, 43, 13411
What are the prime factors of 10963662?
2, 3, 1827277
What are the prime factors of 4530595?
5, 906119
List the prime factors of 186776.
2, 37, 631
What are the prime factors of 142144?
2, 2221
List the prime factors of 1268762.
2, 11, 101, 571
What are the prime factors of 1555353?
3, 43, 4019
List the prime factors of 2232000.
2, 3, 5, 31
List the prime factors of 681315.
3, 5, 53, 857
List the prime factors of 573974.
2, 286987
List the prime factors of 501626.
2, 250813
List the prime factors of 2325792.
2, 3, 7, 3461
What are the prime factors of 2842090?
2, 5, 47, 6047
What are the prime factors of 13799?
13799
What are the prime factors of 434279?
31, 14009
List the prime factors of 1072316.
2, 7, 5471
What are the prime factors of 2427393?
3, 31, 43, 607
What are the prime factors of 695552?
2, 11, 13, 19
List the prime factors of 38895.
3, 5, 2593
What are the prime factors of 305705?
5, 61141
List the prime factors of 331713.
3, 36857
What are the prime factors of 16954830?
2, 3, 5, 31, 59, 103
What are the prime factors of 921382?
2, 7, 11, 31, 193
List the prime factors of 5840284.
2, 1460071
What are the prime factors of 129620?
2, 5, 6481
List the prime factors of 3981757.
13, 17, 43, 419
List the prime factors of 338368.
2, 17, 311
What are the prime factors of 4632467?
7, 41, 16141
What are the prime factors of 445623?
3, 89, 1669
What are the prime factors of 22683?
3, 7561
What are the prime factors of 546623?
7, 11, 31, 229
What are the prime factors of 169028?
2, 42257
List the prime factors of 525420.
2, 3, 5, 7, 139
What are the prime factors of 7774511?
61, 233, 547
List the prime factors of 124197.
3, 41399
What are the prime factors of 1555738?
2, 17, 45757
List the prime factors of 107512.
2, 89, 151
List the prime factors of 356044.
2, 13, 41, 167
What are the prime factors of 4984547?
4984547
What are the prime factors of 3596517?
3, 399613
What are the prime factors of 3266963?
7, 83, 5623
List the prime factors of 2067662.
2, 71, 14561
List the prime factors of 3649415.
5, 7, 11, 9479
What are the prime factors of 603123?
3, 127, 1583
What are the prime factors of 541246?
2, 17, 15919
What are the prime factors of 39161?
39161
List the prime factors of 4791763.
31, 154573
What are the prime factors of 239349?
3, 11, 7253
List the prime factors of 406387.
23, 17669
List the prime factors of 17874865.
5, 211, 16943
What are the prime factors of 1089297?
3, 11, 11003
What are the prime factors of 18910915?
5, 61, 62003
List the prime factors of 235910.
2, 5, 31, 761
List the prime factors of 18868004.
2, 23, 67, 3061
What are the prime factors of 394126?
2, 197063
What are the prime factors of 1838602?
2, 919301
What are the prime factors of 17864663?
137, 130399
List the prime factors of 12166642.
2, 6083321
List the prime factors of 3632707.
13, 103, 2713
List the prime factors of 7700076.
2, 3, 83, 859
List the prime factors of 852662.
2, 426331
What are the prime factors of 5345954?
2, 19, 140683
What are the prime factors of 1145303?
1145303
List the prime factors of 1732232.
2, 17, 47, 271
What are the prime factors of 110580?
2, 3, 5, 19, 97
What are the prime factors of 4883513?
19, 29, 8863
What are the prime factors of 229176?
2, 3, 1061
List the prime factors of 8257329.
3, 521, 587
What are the prime factors of 172495?
5, 34499
What are the prime factors of 115610?
2, 5, 11, 1051
List the prime factors of 938451.
3, 17, 18401
List the prime factors of 1080825.
3, 5, 14411
List the prime factors of 103342.
2, 163, 317
What are the prime factors of 3008020?
2, 5, 150401
List the prime factors of 14217176.
2, 37, 43, 1117
List the prime factors of 392200.
2, 5, 37, 53
What are the prime factors of 1900399?
19, 29, 3449
List the prime factors of 194219.
359, 541
What are the prime factors of 8873133?
3, 17, 19, 9157
What are the prime factors of 194731?
19, 37, 277
What are the prime factors of 194779?
13, 14983
List the prime factors of 3212606.
2, 1229, 1307
List the prime factors of 14216770.
2, 5, 1421677
What are the prime factors of 184194?
2, 3, 379
List the prime factors of 884811.
3, 19, 43
List the prime factors of 113984.
2, 13, 137
What are the prime factors of 7489135?
5, 19, 31, 2543
What are the prime factors of 25362535?
5, 11, 127, 3631
List the prime factors of 27037390.
2, 5, 2703739
List the prime factors of 138193.
11, 17, 739
List the prime factors of 14654656.
2, 59, 3881
What are the prime factors of 20922920?
2, 5, 17, 29, 1061
What are the prime factors of 711275?
5, 23, 1237
List the prime factors of 1419316.
2, 354829
What are the prime factors of 818524?
2, 7, 23, 31, 41
What are the prime factors of 1587494?
2, 17, 46691
List the prime factors of 12171487.
12171487
What are the prime factors of 11330244?
2, 3, 347, 907
What are the prime factors of 238503?
3, 107, 743
What are the prime factors of 1178990?
2, 5, 117899
What are the prime factors of 6675836?
2, 37, 43, 1049
What are the prime factors of 245760?
2, 3, 5
What are the prime factors of 1788993?
3, 173, 383
List the prime factors of 86717.
17, 5101
What are the prime factors of 1154318?
2, 11, 71, 739
List the prime factors of 1564034.
2, 17, 157, 293
What are the prime factors of 9617207?
1601, 6007
What are the prime factors of 1316446?
2, 17, 31, 1249
What are the prime factors of 586364?
2, 17, 8623
What are the prime factors of 5674443?
3, 59, 32059
List the prime factors of 5152186.
2, 13, 71, 2791
List the prime factors of 6715901.
17, 179, 2207
What are the prime factors of 17756209?
109, 162901
What are the prime factors of 7549510?
2, 5, 43, 97, 181
List the prime factors of 756826.
2, 7, 54059
List the prime factors of 288098.
2, 23, 6263
List the prime factors of 355516.
2, 7, 12697
What are the prime factors of 2048454?
2, 3, 317, 359
What are the prime factors of 3467324?
2, 7, 123833
What are the prime factors of 3120412?
2, 439, 1777
List the prime factors of 10611439.
10611439
What are the prime factors of 948282?
2, 3, 158047
What are the prime factors of 1041094?
2, 520547
What are the prime factors of 2751942?
2, 3, 337, 1361
What are the prime factors of 13618352?
2, 11, 77377
What are the prime factors of 60539?
60539
Wh